when 862 is divided by 29.
21
What is the remainder when 554 is divided by 37?
36
Calculate the remainder when 651 is divided by 35.
21
What is the remainder when 163 is divided by 34?
27
What is the remainder when 388 is divided by 23?
20
Calculate the remainder when 781 is divided by 75.
31
What is the remainder when 3203 is divided by 104?
83
What is the remainder when 96 is divided by 50?
46
Calculate the remainder when 367 is divided by 31.
26
Calculate the remainder when 1158 is divided by 23.
8
What is the remainder when 82 is divided by 72?
10
Calculate the remainder when 1251 is divided by 616.
19
Calculate the remainder when 114 is divided by 45.
24
Calculate the remainder when 610 is divided by 597.
13
What is the remainder when 33 is divided by 5?
3
What is the remainder when 2299 is divided by 178?
163
Calculate the remainder when 88 is divided by 24.
16
What is the remainder when 105 is divided by 27?
24
Calculate the remainder when 91 is divided by 24.
19
What is the remainder when 33 is divided by 22?
11
What is the remainder when 622 is divided by 82?
48
Calculate the remainder when 108 is divided by 28.
24
What is the remainder when 1491 is divided by 39?
9
What is the remainder when 168 is divided by 23?
7
Calculate the remainder when 485 is divided by 390.
95
Calculate the remainder when 302 is divided by 38.
36
What is the remainder when 153 is divided by 31?
29
Calculate the remainder when 250 is divided by 124.
2
What is the remainder when 731 is divided by 722?
9
Calculate the remainder when 3691 is divided by 1229.
4
Calculate the remainder when 163 is divided by 11.
9
What is the remainder when 192 is divided by 15?
12
Calculate the remainder when 620 is divided by 23.
22
Calculate the remainder when 925 is divided by 41.
23
What is the remainder when 333 is divided by 21?
18
Calculate the remainder when 1363 is divided by 105.
103
Calculate the remainder when 3130 is divided by 1564.
2
What is the remainder when 116 is divided by 64?
52
Calculate the remainder when 16949 is divided by 23.
21
What is the remainder when 230 is divided by 43?
15
What is the remainder when 390 is divided by 144?
102
What is the remainder when 222 is divided by 107?
8
What is the remainder when 1581 is divided by 13?
8
Calculate the remainder when 1442 is divided by 42.
14
Calculate the remainder when 119 is divided by 32.
23
Calculate the remainder when 76 is divided by 31.
14
Calculate the remainder when 601 is divided by 567.
34
What is the remainder when 102 is divided by 5?
2
Calculate the remainder when 382 is divided by 26.
18
Calculate the remainder when 1662 is divided by 288.
222
What is the remainder when 169 is divided by 58?
53
What is the remainder when 102 is divided by 2?
0
Calculate the remainder when 854 is divided by 845.
9
Calculate the remainder when 209 is divided by 65.
14
Calculate the remainder when 6045 is divided by 126.
123
Calculate the remainder when 434 is divided by 20.
14
What is the remainder when 4235 is divided by 80?
75
Calculate the remainder when 1399 is divided by 1396.
3
Calculate the remainder when 4614 is divided by 15.
9
What is the remainder when 5580 is divided by 266?
260
Calculate the remainder when 501 is divided by 24.
21
What is the remainder when 807 is divided by 34?
25
Calculate the remainder when 5207 is divided by 163.
154
What is the remainder when 18 is divided by 5?
3
Calculate the remainder when 2216 is divided by 124.
108
Calculate the remainder when 257 is divided by 4.
1
Calculate the remainder when 581 is divided by 87.
59
Calculate the remainder when 432 is divided by 87.
84
What is the remainder when 563 is divided by 12?
11
What is the remainder when 1459 is divided by 105?
94
What is the remainder when 1244 is divided by 25?
19
What is the remainder when 588 is divided by 54?
48
What is the remainder when 14 is divided by 2?
0
Calculate the remainder when 398 is divided by 51.
41
What is the remainder when 515 is divided by 43?
42
What is the remainder when 397 is divided by 45?
37
Calculate the remainder when 1134 is divided by 195.
159
What is the remainder when 465 is divided by 80?
65
Calculate the remainder when 550 is divided by 8.
6
Calculate the remainder when 2597 is divided by 58.
45
What is the remainder when 2400 is divided by 472?
40
What is the remainder when 81 is divided by 44?
37
What is the remainder when 340 is divided by 327?
13
What is the remainder when 104 is divided by 62?
42
What is the remainder when 2223 is divided by 14?
11
What is the remainder when 561 is divided by 142?
135
Calculate the remainder when 2459 is divided by 37.
17
What is the remainder when 136 is divided by 36?
28
Calculate the remainder when 18618 is divided by 190.
188
What is the remainder when 361 is divided by 50?
11
Calculate the remainder when 2273 is divided by 11.
7
What is the remainder when 556 is divided by 285?
271
Calculate the remainder when 7994 is divided by 205.
204
What is the remainder when 63 is divided by 37?
26
Calculate the remainder when 251 is divided by 32.
27
What is the remainder when 4549 is divided by 10?
9
Calculate the remainder when 133 is divided by 36.
25
Calculate the remainder when 567 is divided by 62.
9
What is the remainder when 279 is divided by 81?
36
Calculate the remainder when 2272 is divided by 11.
6
Calculate the remainder when 326 is divided by 77.
18
Calculate the remainder when 74 is divided by 27.
20
What is the remainder when 1789 is divided by 17?
4
Calculate the remainder when 240 is divided by 89.
62
What is the remainder when 65 is divided by 25?
15
What is the remainder when 308 is divided by 43?
7
Calculate the remainder when 22 is divided by 5.
2
What is the remainder when 118 is divided by 15?
13
What is the remainder when 32 is divided by 10?
2
Calculate the remainder when 5471 is divided by 161.
158
What is the remainder when 258 is divided by 34?
20
What is the remainder when 167 is divided by 77?
13
What is the remainder when 572 is divided by 18?
14
What is the remainder when 7 is divided by 1?
0
Calculate the remainder when 834 is divided by 35.
29
What is the remainder when 3376 is divided by 26?
22
What is the remainder when 84 is divided by 29?
26
What is the remainder when 621 is divided by 39?
36
What is the remainder when 1148 is divided by 196?
168
Calculate the remainder when 33 is divided by 12.
9
What is the remainder when 265 is divided by 68?
61
Calculate the remainder when 737 is divided by 124.
117
Calculate the remainder when 366 is divided by 41.
38
What is the remainder when 585 is divided by 49?
46
What is the remainder when 392 is divided by 12?
8
What is the remainder when 592 is divided by 283?
26
Calculate the remainder when 23 is divided by 6.
5
What is the remainder when 2443 is divided by 50?
43
Calculate the remainder when 1018 is divided by 86.
72
What is the remainder when 200 is divided by 19?
10
Calculate the remainder when 1379 is divided by 20.
19
Calculate the remainder when 438 is divided by 10.
8
Calculate the remainder when 1039 is divided by 10.
9
What is the remainder when 2474 is divided by 178?
160
What is the remainder when 8438 is divided by 97?
96
Calculate the remainder when 263 is divided by 55.
43
Calculate the remainder when 93 is divided by 48.
45
Calculate the remainder when 1137 is divided by 67.
65
Calculate the remainder when 2444 is divided by 136.
132
What is the remainder when 402 is divided by 102?
96
What is the remainder when 7950 is divided by 71?
69
Calculate the remainder when 118 is divided by 11.
8
Calculate the remainder when 134 is divided by 38.
20
What is the remainder when 822 is divided by 205?
2
Calculate the remainder when 13100 is divided by 226.
218
What is the remainder when 899 is divided by 75?
74
What is the remainder when 1523 is divided by 756?
11
Calculate the remainder when 24 is divided by 7.
3
What is the remainder when 2384 is divided by 22?
8
Calculate the remainder when 147 is divided by 106.
41
What is the remainder when 481 is divided by 126?
103
Calculate the remainder when 529 is divided by 106.
105
What is the remainder when 241 is divided by 181?
60
What is the remainder when 1422 is divided by 19?
16
Calculate the 